t are the prime factors of p?
21601
Let q(w) = -6*w**3 + 30*w - 150. What are the prime factors of q(-16)?
2, 3, 13, 307
Suppose 9253*l - 10075992 = 9129*l. List the prime factors of l.
2, 3, 29, 467
Suppose -4*x - r + 26476 = -5*r, -3*r + 6 = 0. List the prime factors of x.
3, 2207
Let x(d) = 15*d - 4. Let l be (-176)/(-18) + (-88)/(-396). What are the prime factors of x(l)?
2, 73
Let w = 817 - -258. Let y = 2353 - w. What are the prime factors of y?
2, 3, 71
What are the prime factors of ((-2)/5)/((-132)/55) - (-433601)/42?
2, 29, 89
Let z be (-8)/(-56) - 22/7. What are the prime factors of -5 - z - -105*2?
2, 13
Suppose -300*p + 1403835 - 271935 = 0. List the prime factors of p.
7, 11
Suppose -5*n - 5*u = -9620, -4*n + 2*u + 7696 = -u. Let r = n + -1006. List the prime factors of r.
2, 3, 17
Let i = 6888 + -4649. What are the prime factors of i?
2239
Let c(d) = -2*d + 22. Let v be c(11). Suppose v = -5*o - 421 - 2144. What are the prime factors of (-4)/(-3)*o/(-6)?
2, 3, 19
Let f be (0 + -3)/(4/(-5328)). Suppose 35*q - f = 8*q. List the prime factors of q.
2, 37
Let f = -613 + 399. Suppose -583 = 5*z + 122. Let b = z - f. What are the prime factors of b?
73
Let w = -3218 + 1947. Let j = w - -2294. List the prime factors of j.
3, 11, 31
Let b(t) = 6 + 1 - 11 + 3. Let s(f) = -16*f - 5. Let m(h) = -6*b(h) + s(h). List the prime factors of m(-10).
7, 23
Let a(z) = -12*z**2 + 6*z - 4. Let g be a(3). Let t = -54 - g. List the prime factors of t.
2, 5
Let i(y) = -46 - 63 + 94*y - 41*y + 112*y. List the prime factors of i(5).
2, 179
Let r(b) = b + 11. Let s be r(-7). Suppose 2*k + s = -2*z, 2*k + 4 = 3*k - 2*z. Suppose 5*d - 52 + 17 = k. List the prime factors of d.
7
Suppose 5*y + 93 = j - 62, -2*y + 120 = j. Suppose -r + j = -2*w - 4*r, 3*w + 2*r + 190 = 0. List the prime factors of (w/3)/(-1*(-1)/(-6)).
2, 31
Let u be ((-20)/6)/((-53)/(-18) - 3). Let a be (-6 - u/(-8))*4/3. Suppose -r + 15 = -3*p, r + a*r = -5*p + 45. What are the prime factors of r?
3, 5
Suppose -292*c - 142111 - 62429 = -306*c. List the prime factors of c.
2, 3, 5, 487
Let t = -13032 - -13119. Suppose w - 1 = -4*p + 4, -3*w = -5*p + 19. Suppose 0 = f - p - t. What are the prime factors of f?
89
Let i = -7319 - -16606. List the prime factors of i.
37, 251
Let w(l) = -1570*l + 200. Let m(c) = -392*c + 51. Let r(i) = 9*m(i) - 2*w(i). What are the prime factors of r(-4)?
3, 179
Let m be (0 - 5/(-3))*(-186)/(-155). Let o be (-5)/(-15) + 172/6. Suppose -n - o = -m*n. What are the prime factors of n?
29
Let f be 18/48 - (-84)/32. Suppose 3*l + 4*u - 992 - 331 = 0, 4*l - f*u = 1739. List the prime factors of l.
19, 23
Suppose p = 2*z + 10174, 2*z = 27 - 31. List the prime factors of p.
2, 3, 5, 113
Let i be (3/(-6))/(0 + (-2)/3624). Suppose -2*u + i = -u. Suppose -7*q = -q - u. List the prime factors of q.
151
Suppose 14 = -5*k - 4*z - 2, 0 = -k - 2*z - 2. Let j be (4/(-1))/((-2)/k*-2). Suppose -5*w + j*w + 141 = 0. List the prime factors of w.
3, 47
Suppose -5*w - 4*c = -25, 2*c = 3*w + 3*c - 8. Suppose -t - w = -5. What are the prime factors of 0 + 0 - (-51 + (3 - t))?
2, 13
Let y(q) = 3*q**2 - 33*q + 27. Suppose 3*b + 122 = 4*c, -b + 7 = 5. List the prime factors of y(c).
3, 227
Suppose 32 = h - 0*h. Let n(f) = -66*f - 3627. Let x be n(-55). Suppose -5*s = -x*j - 80, -j - h = -5*s + 3*s. What are the prime factors of s?
2
Let y be (-2)/4 + 418/44. Let q(j) = 5*j - 7. Let r be q(y). Let d = r + -25. What are the prime factors of d?
13
Suppose 16273 - 758506 = -93*t. What are the prime factors of t?
23, 347
Let p = 51229 + -28303. What are the prime factors of p?
2, 3, 3821
Let w = 50557 - 14021. What are the prime factors of w?
2, 4567
Let k be (-24)/(-36) + 39/9. Let g(o) = 22*o**2 + 4*o - 9. List the prime factors of g(k).
3, 11, 17
Suppose 0 = 2*s - 3*f - 88, 5*s - 5*f - 125 = 100. Let b = s + 176. List the prime factors of b.
223
Let u = 14410 - -23604. List the prime factors of u.
2, 83, 229
Suppose -1140 + 916 = -4*t. Let w = t + 466. What are the prime factors of w?
2, 3, 29
What are the prime factors of 3/27*18*6274?
2, 3137
Suppose -4*m + 3186 = -2*f, 3*m + 11*f - 2385 = 8*f. Suppose -7*q + m = -723. List the prime factors of q.
7, 31
Let s = 318 - -98. What are the prime factors of (-11)/(33/s)*-3?
2, 13
Let y = 319 - -402. Let t = y - 373. What are the prime factors of t?
2, 3, 29
Let w(z) be the second derivative of 17*z**3/3 - 26*z**2 - 14*z - 1. List the prime factors of w(3).
2, 5
What are the prime factors of (-21932)/(-2) + (64 - 79)?
47, 233
Suppose -2*s + 6*s + 824 = 0. Suppose -9*x - 896 = -4766. Let y = x + s. What are the prime factors of y?
2, 7
Let o(w) = -7*w**2 + 3*w - 1 + 2*w + 3 + 3*w**2. Let t(p) = 13*p**2 - 14*p - 7. Let r(i) = -7*o(i) - 2*t(i). What are the prime factors of r(8)?
2, 3
Let h(b) = 329*b**2 + 11*b - 69. List the prime factors of h(5).
3, 7, 17, 23
Suppose -d - 5*a = 3118, -9*d = -5*d - 4*a + 12472. Let r be (-8)/(-12) + d/6 + 3. List the prime factors of (4/(-6))/(4/r).
2, 43
Let a = -12 - -345. Suppose 0 = 4*s + 5*s - a. Suppose -2*f + s = -1. List the prime factors of f.
19
Let y be (-453838)/(-132) - (39/18 - 2). Let v = y - 1701. List the prime factors of v.
3, 193
Suppose 57 = 12*d - 15. What are the prime factors of (d/8)/(7 + 28270/(-4040))?
3, 101
Let j = 35303 + -11576. What are the prime factors of j?
3, 11, 719
Suppose -6*k + 26*k = -74313 + 243493. List the prime factors of k.
11, 769
Let r(n) = 12009*n - 13656. What are the prime factors of r(5)?
3, 7, 47
Let b(y) = y**2 - 2*y - 3. Let u be b(-2). Suppose 3*p + u*n - n - 106 = 0, -p + 5*n = -10. List the prime factors of p.
2, 3, 5
Let t be (-3080)/(-91) + (-4)/(-26). Suppose -5*c + 331 = -t. List the prime factors of c.
73
Suppose -5*a + 2*o = 4*o - 174, -5*a + 164 = -3*o. Suppose -a*r + 30*r + 8 = 0. Suppose 4*w - r*w - 230 = 0. What are the prime factors of w?
5, 23
Let f(v) = v**3 + 17*v**2 + 20*v + 66. Let s be f(-16). What are the prime factors of s*(645/6 + 5)?
3, 5
Let z be (1/((-2)/(-3)))/((-9)/(-12)). Let o be (-276)/(-24) + (1 - 1/z). Suppose -o*x = -8*x - 280. What are the prime factors of x?
2, 5, 7
Let f = -36 - -39. Let y be -52*(322/(-8))/7. Suppose -6*z + y = 3*m - 2*z, f*m - 5*z = 281. List the prime factors of m.
97
What are the prime factors of 15 + -7 + -15 - (-5)/((-15)/(-89238))?
3, 23, 431
Let z be ((-6)/(-4))/(3/1180). Suppose 2*k - z = 3*f, k + 10 = -2*f + 298. What are the prime factors of k?
2, 73
Suppose 4*z + u = 26530, 19830 = 3*z + 4*u - 61. What are the prime factors of z?
3, 11, 67
Let z be (2 + -3)*-11320 - (-11 + 16). Suppose -z = -28*r - 3979. List the prime factors of r.
2, 131
Suppose 896896 = 15*r + 4*r + 72*r. List the prime factors of r.
2, 7, 11
Let v = 20 - 20. Suppose 9*o = -5*o + 28. Suppose v = -x + f + 252, 138 = o*x - f - 362. What are the prime factors of x?
2, 31
Let u be 0/17 + (-2)/(-1) + -92. Let a = u + 244. Let v = 302 - a. List the prime factors of v.
2, 37
Let l = 112 - 269. Let m = -102 - l. Let a = m - 50. List the prime factors of a.
5
List the prime factors of (57826/8*-1)/((-350)/1400).
29, 997
List the prime factors of (-39)/(-65) - -208*1/(-15)*-927.
3, 5, 857
Let q(a) = -a**3 + a**2 + 2*a + 276. Let y be q(0). List the prime factors of 105/6*(y/(-5))/(-2).
3, 7, 23
Let c(t) = -t**3 - 11*t**2 - 15*t + 30. Suppose 3*r - 5*x + x = -28, 5*r + 56 = 2*x. What are the prime factors of c(r)?
2, 3, 59
Suppose 10*a = 173 - 523. Let y = a - 51. Let b = y + 137. List the prime factors of b.
3, 17
Let c(n) = -n + 560. Let g be c(0). Suppose 3*q - 2 = 19. Suppose 532 + g = q*z. What are the prime factors of z?
2, 3, 13
Let a(y) = 2*y**3 - 2*y**2 - 8*y - 4. Suppose 0 = k - 2*m + m + 1, 5*m = -5*k + 5. Suppose -o + 4 + k = 0. List the prime factors of a(o).
2, 3, 5
Let y(m) = 3*m + 75. Let c be y(-19). List the prime factors of (-1 - 1938/9)/((-6)/c).
11, 59
What are the prime factors of -13 - 1 - (-7538 + 48)?
2, 3, 7, 89
Let c = -3496 + 3498. Suppose 3*l - 2*l - 3 = 0. Suppose l*k = k + 5*y + 129, -c*k = y - 111. What are the prime factors of k?
3, 19
Let a(p) be the first derivative of 3*p**2 + 63*p + 6. Let h be a(-13). Let t(n) = -n**2 - 24*n + 1. What are the prime factors of t(h)?
2, 17
Let g = -6618 + 11556. List 